37bc?
65e37c2
In base 5, what is -1113322 - -13214?
-1100103
In base 10, what is -3 + -431396266?
-431396269
In base 6, what is 1 + 10354323551?
10354323552
In base 11, what is -5 + -47162408?
-47162412
In base 10, what is -9333 + 20628?
11295
In base 6, what is 2424 + -531322?
-524454
In base 4, what is -31033231133 - -2?
-31033231131
In base 16, what is -90b - 2570?
-2e7b
In base 10, what is -2148524 - 24?
-2148548
In base 11, what is -42 + 373378?
373336
In base 3, what is 0 + -1102202110122021?
-1102202110122021
In base 11, what is 2042 + 41846?
43888
In base 4, what is 200201122 - 112?
200201010
In base 5, what is 2034321 + 3022?
2042343
In base 3, what is -1112020120011110 - -11?
-1112020120011022
In base 16, what is 5aa - -1361d?
13bc7
In base 15, what is 13c41428 + 0?
13c41428
In base 9, what is 37 + 28647?
28685
In base 13, what is bac308 - -3?
bac30b
In base 5, what is -10 + 1103302010013?
1103302010003
In base 4, what is -122030 + -11311100?
-12033130
In base 10, what is 709894 + 533?
710427
In base 6, what is 31214503 - -454?
31215401
In base 6, what is 15312432410 + -5?
15312432401
In base 4, what is -22 + -10101203333?
-10101210021
In base 10, what is -22199 + -7392?
-29591
In base 2, what is -1110111100 - 1000011010110110001?
-1000011100101101101
In base 2, what is 1011100 + 1110001101001?
1110011000101
In base 11, what is 14902a8 + 3?
1490300
In base 16, what is -f + -2eee0cb?
-2eee0da
In base 3, what is 2202 + 101222021100002?
101222021102211
In base 3, what is 1121202101022 - 2122?
1121202021200
In base 6, what is -3524520040 + 5?
-3524520031
In base 13, what is -1625 + 1348?
-2aa
In base 4, what is 21201 - -121132130?
121213331
In base 7, what is 3131553054 + 10?
3131553064
In base 7, what is -326165 + -431?
-326626
In base 4, what is 13 + -32223332?
-32223313
In base 11, what is -89 - 249a?
-2578
In base 7, what is 0 - -32626311?
32626311
In base 4, what is 0 - -113220222201?
113220222201
In base 12, what is -5 + -52415945?
-5241594a
In base 6, what is -5 - -1022204243?
1022204234
In base 3, what is -12 + -2211112120100122?
-2211112120100211
In base 11, what is 628 - 123880?
-123253
In base 14, what is -269559b - -4?
-2695597
In base 9, what is 113 - 1513821?
-1513707
In base 2, what is 1000000011001001111010001 + -10110?
1000000011001001110111011
In base 10, what is 18 - -6812639?
6812657
In base 9, what is 53638 - 3260?
50368
In base 6, what is -114320323 + 31?
-114320252
In base 11, what is -36 + 402aa55?
402aa1a
In base 15, what is a10d69 + 4?
a10d6d
In base 14, what is 6203940 - 3?
620393b
In base 8, what is 1 + 1074021002?
1074021003
In base 3, what is -221 + -10010001111120?
-10010001112111
In base 12, what is -4b3b4 - 10720?
-5bb14
In base 5, what is -23 - -1124000011?
1123444433
In base 16, what is 1 - -2cbc011?
2cbc012
In base 15, what is -a69e7 + -d?
-a6a05
In base 8, what is 4463766 - 15?
4463751
In base 12, what is -39a7 - 5b1?
-4398
In base 12, what is 25a894 - 43?
25a851
In base 10, what is -1 + 5909813?
5909812
In base 14, what is -10338a + -149?
-1034d5
In base 8, what is 1056 - 220632?
-217554
In base 16, what is bddf5 - 13?
bdde2
In base 10, what is -1 + -6379729?
-6379730
In base 3, what is -120110 - 1012011112?
-1012201222
In base 14, what is d803c - 0?
d803c
In base 6, what is 2550100 + -153?
2545503
In base 3, what is -1220112 + 1012002?
-201110
In base 14, what is b1b69 + -6?
b1b63
In base 2, what is -1010011111100 + 10111110001000110?
10110011101001010
In base 9, what is -1083568561 + 5?
-1083568555
In base 13, what is -4 - 8238c82?
-8238c86
In base 3, what is -20212 + -2021020001?
-2021110220
In base 12, what is 226b + -ab46?
-8897
In base 8, what is 0 - 17656673?
-17656673
In base 9, what is -38514 + 466?
-38037
In base 11, what is 53a826 + 21?
53a847
In base 14, what is 30a21c - -60?
30a27c
In base 13, what is -11ca5b + -ca?
-11cb58
In base 3, what is -1111 - 1020012021120?
-1020012100001
In base 5, what is 22124 + -2023233?
-2001104
In base 12, what is -7620 + -6099?
-116b9
In base 14, what is 1333 - 5d31?
-49dc
In base 4, what is 2032233003 + -103?
2032232300
In base 15, what is -35c + -3178b?
-31ae8
In base 11, what is 0 - -1033a204?
1033a204
In base 10, what is 27363 + -16760?
10603
In base 14, what is 2a39 - 891?
2188
In base 14, what is 40 + -90b0c?
-90aac
In base 14, what is -5 - -2c250b?
2c2506
In base 6, what is -132513 - -2404?
-130105
In base 6, what is 512 + 245400?
250312
In base 8, what is 232 - 523700?
-523446
In base 9, what is 6178 + -13847?
-6658
In base 11, what is -383 - 15965?
-16238
In base 4, what is -111002311223 - -11?
-111002311212
In base 3, what is 10100002002111 + -102?
10100002002002
In base 2, what is 100101011 - 11101101101001?
-11101000111110
In base 10, what is 86565 + 34?
86599
In base 13, what is -4cb7885 - -1?
-4cb7884
In base 5, what is 233040 - 1223133?
-440043
In base 12, what is -3 - -13118103?
13118100
In base 6, what is 14515005 - 20033?
14454532
In base 5, what is 1430 - 31421013?
-31414033
In base 15, what is -3 + -46a3906?
-46a3909
In base 10, what is -4 - 2423531?
-2423535
In base 6, what is -4 - -134030434?
134030430
In base 14, what is -dc336 + -7?
-dc33d
In base 11, what is 14590924 - 1?
14590923
In base 16, what is -4 + ea4d?
ea49
In base 9, what is -1121 - -588302?
587171
In base 16, what is 0 + -35d787?
-35d787
In base 11, what is -600 + -143723?
-144223
In base 6, what is 545200 - -1202?
550402
In base 15, what is 64a4c + a2?
64aee
In base 10, what is 0 + -3637980?
-3637980
In base 8, what is 3142 - -400?
3542
In base 6, what is 3 + -232045202?
-232045155
In base 3, what is 21 + 2110210200121101?
2110210200121122
In base 9, what is -5 + -15814731?
-15814736
In base 15, what is -920242 + 0?
-920242
In base 13, what is b8 + -13719c?
-1370b4
In base 4, what is 123021133321 - -1?
123021133322
In base 3, what is -21 + 211202210001?
211202202210
In base 4, what is -1211 + 1220302110?
1220300233
In base 16, what is -1d - -1484dc1?
1484da4
In base 15, what is 6484 - -45e?
68e3
In base 2, what is 10100010000100101 - -10011010?
10100010010111111
In base 10, what is -76020806 + 6?
-76020800
In base 15, what is 53152d + -26?
531507
In base 15, what is -576 + 7ba68?
7b4e2
In base 3, what is -1 + -202201202200222?
-202201202201000
In base 5, what is -44 + -1002323323?
-1002323422
In base 11, what is -24 + 26136a?
261346
In base 13, what is -333b65 + -7?
-333b6c
In base 15, what is 1 + 1ddb82?
1ddb83
In base 4, what is -2312 + 120210002?
120201030
In base 8, what is -33541772 + -4?
-33541776
In base 5, what is -20132 - 102012010?
-102032142
In base 5, what is 32333414103 + 4?
32333414112
In base 16, what is 9f0c0 - 10?
9f0b0
In base 6, what is 43142351 - 1?
43142350
In base 3, what is 100202201 + 1111102210?
1212012111
In base 6, what is 53042142 - -2?
53042144
In base 5, what is -1203202223 + 210?
-1203202013
In base 9, what is 15088811 + 105?
15100016
In base 5, what is 11124214013301 + 10?
11124214013311
In base 3, what is -120000 - -2101000121?
2100110121
In base 5, what is 104332 - -31400?
141232
In base 11, what is 1a8a + -14a2?
598
In base 14, what is -7 - -2082c7?
2082c0
In base 15, what is cd02e - 1d?
cd011
In base 8, what is 3 - -2762206?
2762211
In base 10, what is -2655531 - -57?
-2655474
In base 10, what is 3 - 2405387?
-2405384
In base 6, what is 4541 - -12110143?
12115124
In base 11, what is -2044a6935 - -5?
-2044a6930
In base 9, what is 1 + 257751005?
257751006
In base 16, what is 350 - -19a?
4ea
In base 6, what is -5 - 502435143?
-502435152
In base 16, what is ec2 + 5f8?
14ba
In base 16, what is -106 + -e420?
-e526
In base 3, what is 11211102202 + -120110?
11210212022
In base 2, what is 1010000111001010110011011 - 100?
1010000111001010110010111
In base 4, what is 320 - 110301200?
-110300220
In base 8, what is 6446541233 - -5?
6446541240
In base 14, what is 92c80 - 129?
92b55
In base 4, what is 11203 - 121303?
-110100
In base 11, what is 205a12 + -4?
205a09
In base 16, what is -72d4 + 72?
-7262
In base 7, what is 2236500360 + -6?
2236500351
In base 5, what is 1001043 + -234221?
211322
In base 10, what is 2 + -10718830?
-10718828
In base 12, what is 659618 - 3?
659615
In base 6, what is 3 - -5245543532?
5245543535
In base 8, what is 45141